-3*y + 27 = y + a*l. Suppose 2*s - 2369 = -3*z, 3*z - 5*z - y*s = -1576. Is z prime?
False
Let u be -10 + (-24)/(-4) + 1128/1. Let h = 759 + u. Is h prime?
False
Let u = -47 + 76. Suppose 225 = 2*c - u. Is c composite?
False
Suppose 10*g - 38548 = 6*g. Is g prime?
False
Suppose 0 = -2*n + d + 4366 - 1574, 0 = -3*n - 5*d + 4201. Is n composite?
True
Let c = 47752 - 14031. Is c a composite number?
False
Suppose -26*l + 20*l + 51654 = 0. Is l a prime number?
True
Suppose -3 = -2*f - 5*k, 3*f + 11 = 5*f - 3*k. Suppose -f*c + 0*c - i = -7, c = -2*i. Suppose 3*a = 5*u + 2, -c*a + 5*u = -3 + 5. Is a a prime number?
False
Suppose 8*a = 9267 - 1211. Is a a prime number?
False
Suppose -11 = -b - 9. Suppose -3*y + 3489 = -o, 0 = -4*o + b*o. Is y prime?
True
Suppose 95247 = 11*v - 14830. Is v prime?
True
Let p be 1*-341*(-10)/10. Suppose 2*o - a - 851 = -p, -o = 5*a - 244. Is o prime?
False
Let g = 1808 + -1038. Suppose 0 = -3*i - g + 2663. Is i composite?
False
Suppose -24*c + 45277 = -35771. Is c a prime number?
False
Let j(z) be the third derivative of z**4/24 + 13*z**3 + z**2. Let m be j(0). Suppose -m + 11 = -p. Is p prime?
True
Is (-4)/(-64)*4 - (-7875)/36 a prime number?
False
Let r = -2 - -6. Suppose -4*n - r*b = -2812, b + 1421 = 2*n - 2*b. Is n a composite number?
True
Let t be 2*236*(-33)/(-132). Suppose 1 - 6 = 5*s. Is (t/2)/((-1)/s) prime?
True
Let p = -4 + 6. Let z(b) = 6*b + 6 + 5*b - 3*b**2 + p*b**2. Is z(7) prime?
False
Let f be (-2)/(-3)*(-57)/38. Is (-9645)/(-20) + -3 - f/(-4) a composite number?
False
Let r be 0/((4 + -3)*-2). Suppose -c + 18 - 3 = r. Let a = c + 4. Is a a prime number?
True
Let o be 4/6 - 11/(-33). Is (o - 882/(-10))/((-4)/(-10)) a composite number?
False
Let n(a) = a**3 + a**2 + 13*a - 3. Let b be n(5). Let g = b - -423. Is g composite?
True
Let y be (22/6)/(1/(-6)). Let z be 1 + -21 + 22 + y. Is (-1828)/z + (-2)/5 prime?
False
Suppose -5*l - 2*g = 35, 2*g = -2*l - 0*l - 8. Let p = -1 - l. Suppose 4*a + 1021 - p = 5*t, -3*a + 396 = 2*t. Is t a composite number?
True
Let k = 13 + -12. Let c be (-532 - 1)/(-1*k). Suppose -c = -5*w + 252. Is w prime?
True
Let u = 19 + -19. Suppose u = -3*w - w + 8. Is (-1*w)/((-6)/267) composite?
False
Let d(s) = 43*s**2 + 2*s - 4. Suppose -7*b = -12*b. Suppose 3*y + b*h - 2*h = -23, 5*y + 13 = -3*h. Is d(y) a prime number?
True
Let g(y) = 5*y - 40. Let f be g(9). Suppose 2*c + 4*t = -2*c + 216, -5*t - 260 = -f*c. Is c a composite number?
False
Suppose -3*k + 12 = -0*k. Suppose t - 5*t + 9587 = -3*o, 4766 = 2*t + k*o. Is t composite?
False
Let i be 29925/27 - (-4)/6. Suppose -i - 365 = -2*w. Is w a prime number?
False
Suppose 3*o - 2*a + 2 - 9 = 0, 0 = -4*o - a - 9. Let g be o*(-2 - -3)*1. Is 321 - (2 + 3 + g) composite?
False
Suppose -4*d - 28 + 4 = 0. Let j be ((-4)/6)/(d/3294). Suppose 0 = 5*x - 1699 - j. Is x composite?
True
Let c = -14 - -20. Let y be (4/(-6))/(c/(-18)). Suppose 782 = 3*r + v, 1315 = 5*r + 2*v + y*v. Is r a prime number?
False
Suppose -3385 = -2*o + 1649. Let q = o - 1718. Is q composite?
True
Suppose -4*w + 74820 = j - 54807, 2*j - 259232 = 3*w. Is j prime?
False
Let m = -4571 - -9928. Is m a composite number?
True
Let i = 776 - 550. Let l = i + -61. Suppose 0 = -9*o + 14*o - l. Is o a composite number?
True
Suppose -5*g = -6*g. Suppose g*z = -3*z. Is 1799/(-7)*(-1 + z) prime?
True
Let u(n) = 6*n - 4. Let z be u(1). Let o = -6 - -9. Suppose 978 = z*b + 2*p - 3*p, 986 = 2*b - o*p. Is b composite?
False
Suppose 3*o = -2*o + 5. Let m = 2 + o. Suppose k + 4*p = 7 + 12, -5*k - m*p = -95. Is k prime?
True
Is ((2 - 12808) + 0)/(-2) composite?
True
Suppose -2*s + 20 = 4*y - 0*y, 5*y = 20. Let a(f) be the third derivative of 5*f**4/8 + f**3/6 - f**2. Is a(s) prime?
True
Let v(x) be the first derivative of 123*x**2 - 7*x + 15. Is v(2) a prime number?
False
Suppose 20 = -5*a, 0 = -3*l - 2*l + 2*a + 49333. Is l prime?
False
Suppose -m - 60 = m. Is 1479 - (-4 - m/5) prime?
False
Let j = 13 + -9. Suppose -3*d = 2*l - 10, j = 2*d - 2*l - 16. Suppose d*f = 3*f + 129. Is f a composite number?
False
Let w(h) = 2418*h**2 + 11*h + 11. Is w(-2) prime?
True
Let k = -87 - -1609. Suppose -c + 3*c = -4*t + k, -749 = -c - 5*t. Is c a prime number?
True
Let c(y) be the third derivative of 11*y**7/280 + y**6/180 + y**5/120 + 7*y**4/24 + y**3/6 - 2*y**2. Let z(m) be the first derivative of c(m). Is z(3) prime?
True
Suppose 2*b - 3845 = 5*s - 3*b, 4*s - 3*b = -3081. Let t = 1109 + s. Is t prime?
False
Suppose 14 = -2*i + 5*c - 155, -5*c - 323 = 4*i. Let b = -47 - i. Is b a prime number?
False
Let y(i) = 325*i**2 - 3*i - 3. Let g be y(-1). Let n = g + -198. Is n a prime number?
True
Let s = -5960 + 2845. Is (4 + -2)*s/(-14) prime?
False
Let y be (-12)/21 - (-30671)/7. Suppose -2*r = -4*r + 5*m + y, 5*r + 4*m = 11035. Is r prime?
True
Let f = -7310 + 10597. Is f a composite number?
True
Let o be (5 + -2)*4/6. Suppose 0 = 4*x - 5*d + 4 - 14, -14 = -o*x - 2*d. Suppose -x*f + 1180 = -75. Is f a composite number?
False
Let x = 8293 - -696. Is x a prime number?
False
Let j be -3 - (-4 + -2 + 0). Suppose -m = 3*z + 9, 0*m + m - j*z - 9 = 0. Is -2 - -2 - m - -7 a composite number?
False
Let b = 18 - 11. Let h(g) = -g**3 + 7*g**2 + g - 5. Let t be h(b). Suppose 3*v = -5*w + 53, -w = 3*v + t*v - 15. Is w a composite number?
True
Let d be 0 + -29 - (26 - 29). Is d/(-156) - 1/(-6)*48809 a composite number?
True
Suppose 2*o + 5*r - 1988 = 4*o, 3*o + 2963 = -2*r. Let t = o - -1506. Is t a composite number?
True
Let w(k) = 9*k**2 - k + 3. Let x be (-22)/4 + 3/(-6). Let i be w(x). Suppose -8*j + i = -5*j. Is j composite?
True
Let m = 18275 - -3966. Is m prime?
False
Let d be ((-11)/22)/(1/2). Let j be (-5 - -5)/(d + 2). Suppose 5*i + j*i - 3*t - 731 = 0, 4*i - 586 = 3*t. Is i a prime number?
False
Is (8 - (5 + -2460)) + -4 a composite number?
False
Let j(x) = -9*x**3 + x**2. Let q be j(1). Let v be (-13340)/25 - 2/5. Is ((-28)/q + -4)*v prime?
False
Let s be 2/(-3) + (-5)/(30/(-838)). Let m be 1 + (1 - 1) + 1. Suppose 5*c - 229 = -4*u, -2*c + s = c + m*u. Is c a composite number?
True
Suppose k - 11*v + 8*v - 35981 = 0, 2*v + 179853 = 5*k. Is k prime?
True
Suppose -4*z - y = 419, -596 + 41 = 5*z - 5*y. Let k be z*(4 + (-46)/4). Suppose -5*g - 3*w + 8*w + k = 0, -2*g - 4*w = -342. Is g a prime number?
True
Let c = 27818 - 15771. Is c composite?
True
Suppose -2*r + 28448 = -16*r. Let a = r + 5151. Is a a prime number?
True
Let i = 144 - 98. Let y(u) = -u**2 - 12*u + 16. Let c be y(-13). Suppose -f + 82 = o, 48 + i = o - c*f. Is o a prime number?
False
Suppose 5*p + 14*j = 9*j + 52655, 42126 = 4*p + 5*j. Is p prime?
True
Let c(u) = u**3 + 8*u**2 - 11*u - 6. Let r be c(-9). Is 1070/r + (-4)/24 composite?
False
Suppose a + 8885 + 1650 = 4*t, -2*t + 5*a = -5281. Is t composite?
False
Let j = -841 - -1992. Is j a composite number?
False
Let b(j) = 7*j + 8*j - 25*j - 22*j. Let z be b(3). Let g = z - -179. Is g composite?
False
Let f(o) be the third derivative of 67*o**5/60 + o**4/2 + 11*o**3/6 - 10*o**2. Is f(6) a composite number?
True
Suppose 3*p - 1949 = 5*q, -p + 4*p - 1964 = 2*q. Suppose d = p - 44. Is d prime?
False
Let l(h) = -52*h + 28*h - 83*h - 87. Is l(-8) prime?
True
Let p(k) = -k - 1 + 46*k**2 + 12*k**2 + 7*k**2. Is p(-1) prime?
False
Suppose -4*g + 2268 = 4*q, 1 + 15 = 4*q. Is g prime?
True
Is ((2 - 4) + 1)*-2819 a composite number?
False
Suppose 0 = 2*q + 2 + 62. Let d = 28 - 39. Let p = d - q. Is p a composite number?
True
Suppose -2*g = 3*i - 18975, 5*i - 46 = -51. Is g prime?
False
Let j be 2*(0 - (-3 - -2)). Let k(n) = -5*n**2 - 1 + n + 5*n**j + n**2 - 84*n**3 + 2. Is k(-1) prime?
False
Suppose -h + 4*a = 4*h - 27, 4*h + 3*a = 3. Let z(q) = 5*q**h - 2*q**2 + 15*q + q**2 - q**3 - 5 - 14*q. Is z(4) a prime number?
True
Suppose 0 = -y - x - 3*x + 699, -4*y = -5*x - 2817. Suppose -o = -y + 188. Is o a composite number?
True
Let p(j) = -2601*j + 190. Is p(-3) prime?
True
Suppose 0 = -3*f + 6, 2*g - 12 + 0 = -2*f. Suppose -g*m - 402 = -6*m. Suppose 4*a - m = a. Is a prime?
True
Let q(l) = 9*l**2 - 10*l + 48. Is q(-11) prime?
False
Let v be 8/(-2)*6*2588/(-32). Is (15/(-9) - -2)*v a composite number?
False
Let o be -10949*(3*1 + (-13 - -9)). Suppose -4090 = -9*h + o. Is h composite?
True
Let c = -8 + 